is -2 + -8285521?
-8285523
In base 8, what is 726 + 20713?
21641
In base 5, what is -203 + -143034300?
-143040003
In base 11, what is 9 - -7103559?
7103567
In base 7, what is 6426 + -246020?
-236261
In base 2, what is -10110011 - 111001110001011111?
-111001110100010010
In base 5, what is -103 + -20202203201?
-20202203304
In base 10, what is -2 - 7317505?
-7317507
In base 11, what is -2 - 3855893?
-3855895
In base 4, what is -1 + 31003302103?
31003302102
In base 4, what is -10033011 + -30133?
-10123210
In base 9, what is 161508 + -134?
161364
In base 3, what is -21110002010220200 + -10?
-21110002010220210
In base 6, what is -12502 + -325320?
-342222
In base 13, what is -14 + 423069?
423055
In base 16, what is 43 - -41ab2d?
41ab70
In base 14, what is -4d99 + 372?
-4a27
In base 16, what is -dfef + -26?
-e015
In base 15, what is 4 + -4b18d1?
-4b18cc
In base 11, what is -571467a6 - -5?
-571467a1
In base 10, what is 78124 - 10372?
67752
In base 12, what is 2564050b + 2?
25640511
In base 13, what is -2b151c - 2?
-2b1521
In base 16, what is -f74458a + 2?
-f744588
In base 7, what is -525 - -2031104?
2030246
In base 2, what is -101 - -1001110010000000100010001100?
1001110010000000100010000111
In base 16, what is -ca + 3aea0?
3add6
In base 6, what is 3 - -222225310?
222225313
In base 4, what is -2123100 - -2112?
-2120322
In base 7, what is 236030 + -124546?
111151
In base 4, what is 0 + 333213202?
333213202
In base 8, what is -7753060 + -56?
-7753136
In base 7, what is -4 + 13212560661?
13212560654
In base 2, what is -101000100 - 101011110000110110001?
-101011110001011110101
In base 12, what is -a080 + -3b6?
-a476
In base 11, what is 3 + 1a612a47?
1a612a4a
In base 12, what is 1359382 + -12?
1359370
In base 2, what is 100 + 1110110000101010100111?
1110110000101010101011
In base 12, what is -21b708a9 - 11?
-21b708ba
In base 14, what is -14daa + 56a?
-14840
In base 8, what is -32553 + -62776?
-115551
In base 14, what is -3 - -350965?
350962
In base 11, what is -136277 + -11?
-136288
In base 11, what is 4 + -1818a13a?
-1818a136
In base 9, what is 2216 - -5266?
7483
In base 5, what is 0 + -34011401434?
-34011401434
In base 8, what is 136025675 + 24?
136025721
In base 2, what is -101110111111000000001 + -11010?
-101110111111000011011
In base 5, what is -21 + 31343203?
31343132
In base 11, what is 2502 - -1265?
3767
In base 8, what is -1035231 + -63?
-1035314
In base 3, what is 222121202112 - -11?
222121202200
In base 11, what is -210 - -18199?
17a89
In base 12, what is 5381a - 354?
53486
In base 14, what is 110100 - 7d7?
10d707
In base 12, what is -22895 - -113?
-22782
In base 11, what is 141722 - -38?
14175a
In base 2, what is -100 - 111110011110101001010100?
-111110011110101001011000
In base 16, what is -290bc + -b0b?
-29bc7
In base 12, what is -831a - -441?
-7a99
In base 6, what is 255323 + 41311?
341034
In base 4, what is -1 - 112031302001?
-112031302002
In base 8, what is 22566 + 375?
23163
In base 11, what is 3 + 7159a533?
7159a536
In base 5, what is -423241441030 - -4?
-423241441021
In base 3, what is -220120 - -22102112111?
22101121221
In base 10, what is 7 + -52730258?
-52730251
In base 16, what is -3eb4 - -1d3?
-3ce1
In base 12, what is -3458b - -44?
-34547
In base 12, what is -580 + -b5a?
-151a
In base 8, what is -13543 + -1334?
-15077
In base 10, what is 1586 - -1132?
2718
In base 12, what is -4 - -1b5320b7?
1b5320b3
In base 11, what is 58970 + -390?
58590
In base 8, what is 27235 + -76760?
-47523
In base 11, what is -87896a7 + 1?
-87896a6
In base 7, what is 365526 + -44?
365452
In base 15, what is -573 - 1139?
-16ac
In base 3, what is -11010100 + -102212?
-11120012
In base 14, what is -19ca - 15c47?
-17833
In base 10, what is -17080623 - 10?
-17080633
In base 15, what is -60 - 4652d?
-4658d
In base 10, what is -178629 - -116?
-178513
In base 16, what is -4 - 6853e20?
-6853e24
In base 14, what is -5 + 16b28add?
16b28ad8
In base 16, what is -5 + -6caf36a?
-6caf36f
In base 13, what is -15c3 - -17ba?
1c7
In base 10, what is 3074 + -18976?
-15902
In base 10, what is -16189 - -388?
-15801
In base 6, what is -203423141210 - 4?
-203423141214
In base 13, what is -70 - 88a5?
-8945
In base 8, what is -17112327 - 4?
-17112333
In base 16, what is 80617 + 3?
8061a
In base 4, what is -123 + -1233113033?
-1233113222
In base 12, what is 151646912 + -4?
15164690a
In base 7, what is 53 - -6362036?
6362122
In base 5, what is -1332333431 - -1301?
-1332332130
In base 5, what is 1222440 + -1420?
1221020
In base 4, what is -11000232013 - 120?
-11000232133
In base 3, what is -2110022200 - -201220?
-2102120210
In base 12, what is -9445 - 153?
-9598
In base 10, what is 121 + 227717?
227838
In base 9, what is -7 - 6880252?
-6880260
In base 9, what is -1474050 + 0?
-1474050
In base 8, what is 363640 + 4?
363644
In base 5, what is -11331444 + 2414?
-11324030
In base 4, what is 3 - -102321130320303?
102321130320312
In base 13, what is 7cb386 + 4b?
7cb404
In base 10, what is -3 - 2269228?
-2269231
In base 6, what is -11150 + 42025?
30435
In base 2, what is -10110011000010111 + -1101010100?
-10110100101101011
In base 10, what is 5 + -1242693?
-1242688
In base 6, what is 2 - -3101312155?
3101312201
In base 2, what is 110101010 - 1000011011110101011110?
-1000011011101110110100
In base 2, what is 1101011111 - 11101111010?
-10000011011
In base 7, what is 2316 - -66461?
102110
In base 9, what is -250602 + -6?
-250608
In base 14, what is -4892 + 4d7?
-4399
In base 6, what is 101 - 543423551?
-543423450
In base 10, what is 517500 + 27?
517527
In base 16, what is -1e5 + -4902?
-4ae7
In base 7, what is -2526224 - -1223?
-2525001
In base 7, what is 52661 - -111046?
164040
In base 4, what is 3 + 101023010201?
101023010210
In base 14, what is -669b1b - 20?
-669b3b
In base 6, what is 215 + -23530142?
-23525523
In base 13, what is 440cb + 9?
44107
In base 5, what is -11 - 444330134?
-444330200
In base 12, what is -8 + -4744822?
-474482a
In base 2, what is 11101 - -1001011011000110011000?
1001011011000110110101
In base 16, what is dcd344e + 0?
dcd344e
In base 5, what is 1 - 21420120002?
-21420120001
In base 14, what is -12d7652 + -9?
-12d765b
In base 11, what is -200080 + 1?
-20007a
In base 8, what is -337 + -106047?
-106406
In base 8, what is -1474373 + -247?
-1474642
In base 4, what is 21103330310 + 10?
21103330320
In base 4, what is 111 - -13221310?
13222021
In base 13, what is 7 - a0668?
-a0661
In base 9, what is -6 - 2747141?
-2747147
In base 11, what is 554637 + 2a9?
554935
In base 16, what is -88d2d - -f?
-88d1e
In base 3, what is -11 - -10121011102211?
10121011102200
In base 4, what is 103 + 213332203223?
213332203332
In base 11, what is -4 - -4400651?
4400648
In base 3, what is -110 + -22221210010201?
-22221210011011
In base 11, what is 770260 + 1?
770261
In base 12, what is 0 - -76a574?
76a574
In base 7, what is -5 - -252352365?
252352360
In base 4, what is -12103111302111 + -1?
-12103111302112
In base 12, what is -104620 - -58?
-104584
In base 10, what is -721 + -35243?
-35964
In base 14, what is 2 + 6985c42?
6985c44
In base 3, what is 0 - -22020210020222?
22020210020222
In base 5, what is 1142 - -2322201?
2323343
In base 9, what is -63114 + -651?
-63765
In base 14, what is -3982 - -280?
-3702
In base 11, what is 126 - 1215907?
-1215791
In base 9, what is -34 - 21818440?
-21818474
In base 15, what is -997 - 79b?
-1243
In base 10, what is -986 + -10487?
-11473
In base 12, what is -3 - 6432003?
-6432006
In base 7, what is 23 - 14342325?
-14342302
In base 4, what is -10211322 - 320210?
-11132132
In base 6, what is 22 - -2505034042?
2505034104
In base 16, what is -161d + 2335?
d18
In base 4, what is -100102002 - 31?
-100102033
In base 11, what is -a69a33 - -5?
-a69a29
In base 6, what is 1252245505 - 22?
1252245443
In base 2, what is -110001110111101010110 + 100?
-110001110111101010010
In base 5, what is -10330 - 1344240?
-1410120
In base 16, what is 1a7 + 19102?
192a9
In base 6, what is 251 + -1110532?
-1110241
In base 15, what is 1373717 - -6?
137371d
In base 15, what is 0 - 496b00b?
-496b00b
In base 3, what is -12122 + 12010000?
11220101
In base 11, what is -5 + 1708a535?
1708a530
In base 8, what is -1 - 7653213?
-7653214
In base 5, what is -303224234 - 13?
-303224302
In base 5, w